4 + -965. What is v(a)?
-8
Let p(w) = -2*w**2 - 10*w + 27. Let s be p(2). Let t(m) = -91 + 92 + 5*m + 15*m. Give t(s).
-19
Let b(r) = -5*r**2 - 23*r + 6. Let v(m) = -505*m**2 - 4*m + 1 + 1004*m**2 - 500*m**2. Let t(a) = b(a) - 6*v(a). Give t(0).
0
Let x(k) = -2*k + 7. Suppose -15*u = -2050 + 760. Suppose -5*y + u = 31. Calculate x(y).
-15
Let p(h) = -60*h**2 - 65*h**2 + 24 + 6 - 65*h**2 + 11*h + 189*h**2. Determine p(13).
4
Let k be -6 - (2 - (9 + -7)). Let w be k/(-9) + 592/48. Let c(q) = -q**2 + 15*q - 20. Calculate c(w).
6
Suppose 0 = -5*b + 2*v + 95, 4*v + 95 = 5*b + 7*v. Let z(i) = -2 - i + 21*i - i**2 - b*i. What is z(3)?
-8
Let l(m) = -2*m**3 + 18*m**2 - 14*m + 5. Let y(k) = -3*k**3 + 30*k**2 - 25*k + 10. Let z(i) = 5*l(i) - 3*y(i). What is z(2)?
-3
Let v(m) be the second derivative of -m**7/840 + m**6/72 + m**5/40 + m**3/3 + 37*m**2/2 + 19*m - 1. Let w(c) be the second derivative of v(c). Determine w(5).
15
Let m(x) = -15*x**3 + x**2 - 5*x + 3. Let y be 4 + (-104)/36 + (-19)/171. Calculate m(y).
-16
Let s(t) be the second derivative of -32*t**3/3 - 7*t**2/2 + 135*t + 3. Give s(-2).
121
Let t(m) = -33*m - 40. Let p(d) = -9*d - 13. Let v(c) = -7*p(c) + 2*t(c). Give v(-11).
44
Let l(h) = 3*h**3 + 147*h**2 + 140*h + 672. Let t(s) = -s**3 - 50*s**2 - 47*s - 224. Let m(y) = -4*l(y) - 11*t(y). Give m(-37).
-2
Let c(o) be the second derivative of 17*o**6/120 + o**4/24 + o**3/6 + 29*o**2/2 - 17*o - 2. Let f(s) be the first derivative of c(s). Determine f(-1).
-17
Let d = -12994 + 12990. Let v(z) = -z**2 + z + 36. Give v(d).
16
Let h(v) be the third derivative of v**5/12 - v**4/3 + v**3/2 + 3*v**2 - 13*v - 22. Determine h(4).
51
Let a(i) be the second derivative of i**5/20 - 5*i**4/4 + 3*i**2/2 - 10*i + 22. Give a(15).
3
Suppose -12 = -4*s, l - 155 + 151 = -3*s. Let x(p) = p**2 - 5*p - 24. Give x(l).
26
Let m(o) = 2*o**2 + 38*o + 45. Let a(l) = -l**3 + 25*l**2 - 50*l + 74. Let w be a(23). Calculate m(w).
9
Let a(i) be the first derivative of -i**5/60 + 5*i**4/12 + 2*i**3/3 - 19*i**2 + 30. Let f(l) be the third derivative of a(l). Give f(10).
-10
Suppose 10*h - 21 = 7*h. Suppose 0 = -12*p - 17 - 31. Let j(i) = -i**3 - i**2 - 1. Let d(l) = 5*l**3 - 3*l**2 - l + 4. Let g(y) = p*j(y) - d(y). What is g(h)?
7
Let z(b) = 2*b + 18. Suppose -210 = -5985*d + 5970*d. Give z(d).
46
Suppose 10*l + 495 = 55*l - 12*l. Let o(v) = -v**3 + 14*v**2 + 8*v + 18. Determine o(l).
-87
Let h(n) = 1. Let q(d) = d - 2. Let m(y) = -2*h(y) - q(y). Suppose 3*l = 4*k + 13, k = -5*l - 7 - 2. Let c be (-172)/(-60) + -4 + k/(-30). Determine m(c).
1
Let h(v) = 4*v**3 + 5*v**2 - 6*v + 5. Let s(m) = 7*m**3 + 11*m**2 - 13*m + 11. Let z(a) = 5*h(a) - 3*s(a). Suppose 169*u + 570*u + 6651 = 0. What is z(u)?
-8
Let b(v) = -v**2 - v + 0*v**2 + 3 + 5*v. Let q = 100 - 103. Let n be q*(48/9)/(-4). What is b(n)?
3
Suppose -2*l + l = 4, -5*h + 20 = -5*l. Suppose -i + 24 + 4 = h. Let b(y) = i - 2*y - 3*y - 22 + 3*y. Give b(4).
-2
Suppose 5*t = -5*c + 17907 - 17932, c - 15 = -5*t. Let a(w) be the third derivative of -1/24*w**4 - w**2 + 0*w + 0 - 13/6*w**3. Calculate a(c).
-3
Let a = -186 + 190. Let f(d) = 11*d - 7*d + 1 - a*d + 3*d**2 - 2*d. Determine f(1).
2
Let n(z) be the second derivative of 2*z + 0 + 0*z**3 + 1/6*z**4 + 1/20*z**5 + z**2. Let j be (-19)/8 - 6/(-16). Give n(j).
2
Let y(f) = 3*f - 15. Let z be 2/12*30*(-2 - -3). Suppose -42 = -5*u + 2*v, v - 24 - 30 = -z*u. What is y(u)?
15
Let r(m) be the second derivative of -m**4/12 - 7*m**3/6 + m**2/2 - 63*m - 22. What is r(-3)?
13
Let c(n) = n**2 + 3*n - 2. Let z be ((-6)/(-12))/(3/(-36)). Let p be 7/(14/16) + z. Give c(p).
8
Suppose 3*z + 6 = 0, 9*z = 4*b + 5*z + 16. Let s(p) = -14*p**2 - 33*p + 62. Let k(d) = -5*d**2 - 11*d + 21. Let x(q) = b*s(q) + 17*k(q). Determine x(10).
-5
Let r = -299 + 315. Let i(m) = 3 - 9*m**2 - 5*m**2 + m - r*m**2 + 29*m**2. Give i(-2).
-3
Let n(d) = 13*d**2 + d**3 - 3*d**3 + 8*d**3 - 7*d**3 + 4 - 10*d. Calculate n(12).
28
Suppose -58 = 5*t - 2*m, -2*m + 3*m = 2*t + 23. Let y be 4/16 - ((-153)/t)/(-1). Suppose 0 = y*x - 6*x. Let v(c) = -c**2 + c - 4. Determine v(x).
-4
Let i(d) be the first derivative of 63*d**2/2 + 688*d + 5626. Determine i(-11).
-5
Let z(j) = 45*j - 451. Let w(k) = 68*k - 709. Let p(y) = -14*w(y) + 22*z(y). Calculate p(-1).
-34
Let o(n) be the third derivative of 0*n + 116*n**2 - 13/6*n**3 + 0 - 1/12*n**4. Give o(-11).
9
Suppose -z + 32 = 4*a + 3*z, 5*a - 2*z = 12. Suppose 6*y + 3*y = 36. Let h(q) = -15*q**2 - 4 + y*q**2 + 3*q**2 - q**3 + a*q**2 - 5*q. Determine h(-3).
2
Let r(g) = g**3 - 3*g - 11. Let x(w) = w**3 - w**2 - 2*w - 10. Let s(i) = -7*r(i) + 8*x(i). Calculate s(5).
-53
Let d(r) = r - 8. Suppose -2*x - 210*v + 214*v + 258 = 0, v = -3. Suppose q = -5*m - 0*q + 55, -4*m = 3*q - 44. Suppose -m*g = -x + 13. Calculate d(g).
2
Let z(t) = -7*t + 15. Let n = -760 - -763. Give z(n).
-6
Let c(r) be the first derivative of 1/2*r**3 - 16*r - 14 - r**2. Let h(s) be the first derivative of c(s). Calculate h(4).
10
Let d(m) = -4*m + 3*m + 16 - 4. Let q(u) = -8*u + 52. Let k(i) = -3*i + 1. Let y(z) = 6*k(z) - 3*q(z). Let c be y(25). Calculate d(c).
12
Let n(f) = -f**2 - f + 1. Let a(s) = -s**2 - 23*s - 55. Let h be a(-20). Suppose -3*p - 21 = -2*v, -3*p - 7 = v - p. Suppose 2*m + v*m = -h. What is n(m)?
1
Let g(d) = -59*d - 434 - 124 + 262. Calculate g(-5).
-1
Let b(m) = -3*m - 2. Suppose 6*r - 170 = 40. Suppose 9*y + 104 = r*y. What is b(y)?
-14
Let v(x) = -7*x. Let i(m) = -18*m - 151. Let n(k) = i(k) - 2*v(k). What is n(-39)?
5
Let b(o) = -7*o - 30. Suppose 0*j + 15 = -3*j, -41 = 4*g + 5*j. Let m be b(g). Let y(a) = -10*a + 2. Calculate y(m).
22
Let z(t) = -573*t + 12. Let h(c) = -42*c + 1. Let p(y) = 15*h(y) - z(y). Calculate p(-2).
117
Let d be ((-5)/15)/((-23)/(-759)). Let r(u) = -u**3 - 11*u**2 + 6*u + 14. What is r(d)?
-52
Let y(v) = v**3 - 6*v**2 - v + 7. Let k be 220/20 - -2*(-1 + 3/(-2)). Give y(k).
1
Suppose -332 = -d + 5*d. Let z = d + 110. Suppose -5*o - z = m, 5*m + 15 = -0*o - o. Let h(n) = 2*n**2 + 2*n + 2. Give h(m).
6
Let x(i) = -i**2 + 9*i - 3. Let q be x(9). Suppose -5*m + 0*m + 10 = 0. Let b(t) = -3*t**2 - 2*t**m - 3*t + 4*t**2 - 2*t - 4. Determine b(q).
2
Let x(f) = -f**2 - 5*f + 5. Suppose -4*l = l - 40. Let a = 2710 - 2686. Let b be -1 + (-93)/a + (-1)/l. Determine x(b).
5
Let x(t) = 2*t - 39. Let u be x(19). Let w = 4 - u. Suppose 24 = w*h - 3*p, -5*h = -5*p - 26 - 4. Let r(y) = -y**3 + 3*y**2 - 3*y + 3. Determine r(h).
-6
Let a(y) = y**3 - 23*y**2 + y - 15. Let t(v) = -40*v + 223. Let h be t(5). Give a(h).
8
Suppose -c - 2*c = -12, 3*c - 9 = q. Suppose -5*a + 12 = 3*k, 2*k - q*k = -4*a - 4. Suppose 10*n - 14*n + 16 = a. Let d(x) = x. What is d(n)?
4
Suppose 4*x = -m - 3 + 11, -5*x - 24 = -3*m. Let w(r) = r**3 - 8*r**2 + r - 4. Calculate w(m).
4
Let s(q) = -2*q. Let l(a) = 3*a - 30. Let h be l(10). Suppose -4*o = 2*x - 6, 5*x - 2*o + 8 + 37 = h. Give s(x).
14
Let x(j) be the second derivative of j**3/2 - 23*j**2 + 4230*j. What is x(14)?
-4
Let m(c) be the second derivative of c**5/10 + c**4/24 - 203*c**2/2 - 53*c. Let r(x) be the first derivative of m(x). What is r(-2)?
22
Let i(y) = y**2 + 43*y + 155. Let o(z) = -z**2 + 15*z + 247. Let t be o(-11). Give i(t).
-1
Let a be -1*2/(-6)*3. Let n(b) = 6*b**3 + 2*b**2 - 5*b + 3. Let p be n(a). Let r(y) = -2*y - 5. Let m(z) = -z - 5. Let j(d) = -3*m(d) + 2*r(d). What is j(p)?
-1
Let g be 1/((-2)/(-15))*(-30)/(-45). Suppose 2*r + g*c = -185, 3*r + 2*c + 258 = c. Let y = 79 + r. Let q(j) = -j**3 - 6*j**2 + j - 8. Calculate q(y).
-14
Suppose 2*w - 23 = -4*g + 77, 3*g + 185 = 5*w. Let i(t) = -33*t**2 + 3*t + w*t**2 - 3*t**3 + 9 + 2*t**3 - 8*t. Calculate i(6).
15
Let x(k) be the second derivative of -11/12*k**4 + 1/20*k**5 + 0 + 28*k + 11/6*k**3 + 9/2*k**2. Determine x(10).
19
Let t(p) = 3*p - 12. Let f(m) = -m + 5. Let s(h) = 5*f(h) + 2*t(h). Let d(l) = -l - 2. Let r(z) = -7*d(z) - 6*s(z). What is r(0)?
8
Let i(q) be the third derivative of q**5/60 - 3*q**4/2 - 11*q**3/6 + 10016*q**2. What is i(36)?
-11
Let x = -383 + 375. Let q(m) be the first derivative of -2*m + 1/4*m**4 + 13 + 8/3*m**3 - 1/2*m**2. Calculate q(x).
6
Suppose -30*p = -27*p - 3*s, -s + 12 = -4*p. Let n(c) be the third derivative of c**5/60 + 5*c**4/24 - c**3/3 